f 574.
2, 7, 41
What are the prime factors of 2902?
2, 1451
List the prime factors of 11091.
3, 3697
What are the prime factors of 11912?
2, 1489
What are the prime factors of 25683?
3, 7, 1223
List the prime factors of 188.
2, 47
What are the prime factors of 120978?
2, 3, 11, 13, 47
List the prime factors of 2571.
3, 857
What are the prime factors of 2429?
7, 347
List the prime factors of 36417.
3, 61, 199
List the prime factors of 7298.
2, 41, 89
List the prime factors of 1303.
1303
What are the prime factors of 48850?
2, 5, 977
List the prime factors of 572.
2, 11, 13
What are the prime factors of 2480?
2, 5, 31
List the prime factors of 6367.
6367
What are the prime factors of 6424?
2, 11, 73
What are the prime factors of 21225?
3, 5, 283
List the prime factors of 19641.
3, 6547
What are the prime factors of 1921?
17, 113
List the prime factors of 24566.
2, 71, 173
List the prime factors of 21350.
2, 5, 7, 61
What are the prime factors of 19326?
2, 3, 3221
What are the prime factors of 10258?
2, 23, 223
List the prime factors of 15847.
13, 23, 53
List the prime factors of 176179.
176179
List the prime factors of 23962.
2, 11981
List the prime factors of 13238.
2, 6619
What are the prime factors of 46327?
46327
What are the prime factors of 498?
2, 3, 83
What are the prime factors of 8606?
2, 13, 331
List the prime factors of 844.
2, 211
What are the prime factors of 3137?
3137
What are the prime factors of 920?
2, 5, 23
List the prime factors of 1485.
3, 5, 11
List the prime factors of 2076.
2, 3, 173
What are the prime factors of 33592?
2, 13, 17, 19
List the prime factors of 2425.
5, 97
List the prime factors of 42370.
2, 5, 19, 223
What are the prime factors of 46463?
97, 479
List the prime factors of 474.
2, 3, 79
List the prime factors of 9848.
2, 1231
What are the prime factors of 3682?
2, 7, 263
What are the prime factors of 25116?
2, 3, 7, 13, 23
List the prime factors of 331.
331
What are the prime factors of 6310?
2, 5, 631
What are the prime factors of 1425?
3, 5, 19
List the prime factors of 6119.
29, 211
What are the prime factors of 26337?
3, 8779
What are the prime factors of 22197?
3, 7, 151
List the prime factors of 1851.
3, 617
List the prime factors of 15143.
19, 797
What are the prime factors of 2332?
2, 11, 53
What are the prime factors of 25760?
2, 5, 7, 23
List the prime factors of 10711.
10711
List the prime factors of 28897.
11, 37, 71
What are the prime factors of 18400?
2, 5, 23
What are the prime factors of 4274?
2, 2137
List the prime factors of 74194.
2, 37097
List the prime factors of 4917.
3, 11, 149
List the prime factors of 24.
2, 3
List the prime factors of 87027.
3, 29009
What are the prime factors of 143326?
2, 71663
What are the prime factors of 12957?
3, 7, 617
List the prime factors of 390.
2, 3, 5, 13
List the prime factors of 25220.
2, 5, 13, 97
What are the prime factors of 101?
101
What are the prime factors of 245?
5, 7
List the prime factors of 14398.
2, 23, 313
List the prime factors of 334.
2, 167
What are the prime factors of 139861?
139861
List the prime factors of 20.
2, 5
List the prime factors of 39624.
2, 3, 13, 127
List the prime factors of 1267.
7, 181
What are the prime factors of 23381?
103, 227
List the prime factors of 38489.
11, 3499
List the prime factors of 598.
2, 13, 23
What are the prime factors of 31965?
3, 5, 2131
What are the prime factors of 36025?
5, 11, 131
What are the prime factors of 531?
3, 59
What are the prime factors of 2013?
3, 11, 61
What are the prime factors of 16555?
5, 7, 11, 43
List the prime factors of 29368.
2, 3671
List the prime factors of 156127.
156127
What are the prime factors of 3122?
2, 7, 223
What are the prime factors of 14844?
2, 3, 1237
List the prime factors of 2758.
2, 7, 197
List the prime factors of 33236.
2, 7, 1187
What are the prime factors of 400?
2, 5
What are the prime factors of 112?
2, 7
What are the prime factors of 52846?
2, 26423
List the prime factors of 9508.
2, 2377
What are the prime factors of 36118?
2, 18059
What are the prime factors of 445?
5, 89
List the prime factors of 1386.
2, 3, 7, 11
List the prime factors of 722.
2, 19
List the prime factors of 37836.
2, 3, 1051
What are the prime factors of 1448?
2, 181
What are the prime factors of 1112?
2, 139
List the prime factors of 105.
3, 5, 7
What are the prime factors of 5052?
2, 3, 421
List the prime factors of 20000.
2, 5
List the prime factors of 83702.
2, 41851
List the prime factors of 10276.
2, 7, 367
List the prime factors of 11324.
2, 19, 149
What are the prime factors of 39345?
3, 5, 43, 61
List the prime factors of 103633.
31, 3343
List the prime factors of 1837.
11, 167
What are the prime factors of 3132?
2, 3, 29
List the prime factors of 260.
2, 5, 13
List the prime factors of 121984.
2, 953
List the prime factors of 1158.
2, 3, 193
List the prime factors of 1415.
5, 283
What are the prime factors of 71681?
43, 1667
What are the prime factors of 6713?
7, 137
List the prime factors of 10867.
10867
List the prime factors of 12871.
61, 211
List the prime factors of 2594.
2, 1297
What are the prime factors of 16415?
5, 7, 67
What are the prime factors of 3143?
7, 449
List the prime factors of 134505.
3, 5, 7, 61
What are the prime factors of 816?
2, 3, 17
List the prime factors of 19984.
2, 1249
List the prime factors of 5007.
3, 1669
List the prime factors of 21972.
2, 3, 1831
List the prime factors of 340.
2, 5, 17
What are the prime factors of 32011?
7, 17, 269
What are the prime factors of 113321?
13, 23, 379
List the prime factors of 56.
2, 7
What are the prime factors of 4921?
7, 19, 37
List the prime factors of 115753.
11, 17, 619
List the prime factors of 118151.
11, 23, 467
List the prime factors of 82129.
82129
What are the prime factors of 37467?
3, 23, 181
What are the prime factors of 611?
13, 47
What are the prime factors of 72030?
2, 3, 5, 7
List the prime factors of 2803.
2803
List the prime factors of 27.
3
List the prime factors of 111284.
2, 43, 647
List the prime factors of 76052.
2, 19013
List the prime factors of 99175.
5, 3967
List the prime factors of 147100.
2, 5, 1471
What are the prime factors of 646?
2, 17, 19
What are the prime factors of 1357?
23, 59
List the prime factors of 12524.
2, 31, 101
What are the prime factors of 5234?
2, 2617
What are the prime factors of 2364?
2, 3, 197
List the prime factors of 803.
11, 73
What are the prime factors of 7664?
2, 479
List the prime factors of 1073.
29, 37
What are the prime factors of 1810?
2, 5, 181
List the prime factors of 63559.
63559
List the prime factors of 568.
2, 71
What are the prime factors of 65151?
3, 19, 127
What are the prime factors of 10271?
10271
List the prime factors of 51631.
51631
What are the prime factors of 26226?
2, 3, 31, 47
What are the prime factors of 12332?
2, 3083
What are the prime factors of 22315?
5, 4463
What are the prime factors of 69688?
2, 31, 281
What are the prime factors of 3860?
2, 5, 193
List the prime factors of 6372.
2, 3, 59
What are the prime factors of 1035?
3, 5, 23
What are the prime factors of 1791?
3, 199
What are the prime factors of 21122?
2, 59, 179
List the prime factors of 20000.
2, 5
What are the prime factors of 326?
2, 163
List the prime factors of 11573.
71, 163
What are the prime factors of 732?
2, 3, 61
What are the prime factors of 2068?
2, 11, 47
List the prime factors of 623.
7, 89
What are the prime factors of 49749?
3, 7, 23, 103
List the prime factors of 1424.
2, 89
What are the prime factors of 988?
2, 13, 19
List the prime factors of 12673.
19, 23, 29
What are the prime factors of 2362?
2, 1181
What are the prime factors of 22215?
3, 5, 1481
What are the prime factors of 129?
3, 43
What are the prime factors of 861?
3, 7, 41
List the prime factors of 757.
757
What are the prime factors of 74619?
3, 8291
List the prime factors of 108470.
2, 5, 10847
What are the prime factors of 9463?
9463
List the prime factors of 13467.
3, 67
What are the prime factors of 5700?
2, 3, 5, 19
What are the prime factors of 12537?
3, 7, 199
List the prime factors of 892.
2, 223
What are the prime factors of 31759?
7, 13, 349
List the prime factors of 22564.
2, 5641
List the prime factors of 13307.
7, 1901
List the prime factors o